{"id":141952,"date":"2026-03-01T13:47:43","date_gmt":"2026-03-01T13:47:43","guid":{"rendered":"https:\/\/www.delideli.zoner.dev\/tuote\/lechin-luomu-extra-virgin-oliivioljy-oro-del-deserto-500-ml\/"},"modified":"2026-05-04T16:17:55","modified_gmt":"2026-05-04T16:17:55","slug":"lechin-luomu-extra-virgin-oliivioljy-oro-del-deserto-500-ml","status":"publish","type":"product","link":"https:\/\/www.delideli.zoner.dev\/fin\/tuote\/lechin-luomu-extra-virgin-oliivioljy-oro-del-deserto-500-ml\/","title":{"rendered":"Lechin luomu extra virgin oliivi\u00f6ljy, Oro del Deserto 500 ml"},"content":{"rendered":"<p>Oro del Desierto Lech\u00edn on rajoitetun tuotannon luomu ekstra-neitsytoliivi\u00f6ljy, joka valmistetaan yksinomaan harvinaisesta Lech\u00edn de Granada -lajikkeesta. \u00d6ljy puristetaan kylm\u00e4n\u00e4 (2-vaiheinen uutto) varhain korjatuista oliiveista, joista puolet on viel\u00e4 vihreit\u00e4 sadonkorjuuhetkell\u00e4. T\u00e4m\u00e4 takaa poikkeuksellisen korkean polyfenoilipitoisuuden (350\u2013600 mg\/kg) ja pitk\u00e4n s\u00e4ilyvyyden.<\/p>\n<p>Oliivipuut kasvavat Tabernaksen autiomaassa (Almer\u00eda, Andalusia) kolmella tilalla: El Vicario, Sierra Bermeja ja Cortijillo de las Pencas. Puiden ik\u00e4 vaihtelee 80\u2013250 vuoden v\u00e4lill\u00e4. Tila toimii t\u00e4ysin luonnonmukaisesti uusiutuvan energian voimin.<\/p>\n<p>Aromiprofiili:<br \/>\nV\u00e4ri: intensiivinen kulta, kirkas ja suodatettu.<br \/>\nTuoksu: vihre\u00e4t oliivit, kuivatut hedelm\u00e4t, vihjeit\u00e4 aprikoosista.<br \/>\nMaku: pehme\u00e4 ja hedelm\u00e4inen, hyvin tasapainoinen, omena ja kyps\u00e4t hedelm\u00e4t, hienovarainen mausteisuus lopussa.<\/p>\n<p>K\u00e4ytt\u00f6suositukset:<br \/>\n\u2013 Tomaatti- ja vihersalaatit<br \/>\n\u2013 Suolakala ja anjoviset<br \/>\n\u2013 Kana ja valkoinen liha<br \/>\n\u2013 Bruschetta ja leiv\u00e4t<br \/>\n\u2013 Keitot ja muhennokset<br \/>\n\u2013 J\u00e4lkiruuat<\/p>\n<p>S\u00e4ilyt\u00e4 viile\u00e4ss\u00e4, pime\u00e4ss\u00e4 paikassa valolta suojattuna. Suositellaan k\u00e4ytett\u00e4v\u00e4ksi kylm\u00e4n\u00e4 tai matalassa l\u00e4mp\u00f6tilassa aromin s\u00e4ilytt\u00e4miseksi.<\/p>\n","protected":false},"excerpt":{"rendered":"<p>Oro del Desiertan palkittu luomu ekstra-neitsytoliivi\u00f6ljy 100% harvinaisesta Lech\u00edn de Granada -lajikkeesta. Kylm\u00e4puristettu 80\u2013250-vuotiaista oliivipuista Tabernaksen autiomaasta, Andalusiasta. Sertifioitu luomu. 500 ml.<\/p>\n","protected":false},"featured_media":141953,"comment_status":"open","ping_status":"open","template":"","meta":{"_acf_changed":false},"product_brand":[658],"product_cat":[677,753,691,678,726],"product_tag":[174],"class_list":{"0":"post-141952","1":"product","2":"type-product","3":"status-publish","4":"has-post-thumbnail","6":"product_brand-oro-del-desierto","7":"product_cat-ajankohtaisia","8":"product_cat-my-healthy-oils","9":"product_cat-oliivioljyt","10":"product_cat-oljyt-etikat","11":"product_cat-uudet-tuotteet","12":"product_tag-luomu","13":"product_shipping_class-shipping-discount","14":"pa_oliivioljy-keskivahva","16":"first","17":"instock","18":"taxable","19":"shipping-taxable","20":"purchasable","21":"product-type-simple","swatches":"rey-swatches","show_selected":""},"acf":[],"_links":{"self":[{"href":"https:\/\/www.delideli.zoner.dev\/fin\/wp-json\/wp\/v2\/product\/141952","targetHints":{"allow":["GET"]}}],"collection":[{"href":"https:\/\/www.delideli.zoner.dev\/fin\/wp-json\/wp\/v2\/product"}],"about":[{"href":"https:\/\/www.delideli.zoner.dev\/fin\/wp-json\/wp\/v2\/types\/product"}],"replies":[{"embeddable":true,"href":"https:\/\/www.delideli.zoner.dev\/fin\/wp-json\/wp\/v2\/comments?post=141952"}],"version-history":[{"count":0,"href":"https:\/\/www.delideli.zoner.dev\/fin\/wp-json\/wp\/v2\/product\/141952\/revisions"}],"wp:featuredmedia":[{"embeddable":true,"href":"https:\/\/www.delideli.zoner.dev\/fin\/wp-json\/wp\/v2\/media\/141953"}],"wp:attachment":[{"href":"https:\/\/www.delideli.zoner.dev\/fin\/wp-json\/wp\/v2\/media?parent=141952"}],"wp:term":[{"taxonomy":"product_brand","embeddable":true,"href":"https:\/\/www.delideli.zoner.dev\/fin\/wp-json\/wp\/v2\/product_brand?post=141952"},{"taxonomy":"product_cat","embeddable":true,"href":"https:\/\/www.delideli.zoner.dev\/fin\/wp-json\/wp\/v2\/product_cat?post=141952"},{"taxonomy":"product_tag","embeddable":true,"href":"https:\/\/www.delideli.zoner.dev\/fin\/wp-json\/wp\/v2\/product_tag?post=141952"}],"curies":[{"name":"wp","href":"https:\/\/api.w.org\/{rel}","templated":true}]}}