{"id":142002,"date":"2026-03-20T15:44:47","date_gmt":"2026-03-20T15:44:47","guid":{"rendered":"https:\/\/www.delideli.zoner.dev\/tuote\/favorita-paprikalla-taytetty-vihrea-oliivi-180-g\/"},"modified":"2026-05-04T16:18:25","modified_gmt":"2026-05-04T16:18:25","slug":"favorita-paprikalla-taytetty-vihrea-oliivi-180-g","status":"publish","type":"product","link":"https:\/\/www.delideli.zoner.dev\/fin\/tuote\/favorita-paprikalla-taytetty-vihrea-oliivi-180-g\/","title":{"rendered":"La Favorita Paprikalla t\u00e4ytetty vihre\u00e4 oliivi 180 g"},"content":{"rendered":"<p>Favorita paprikalla t\u00e4ytetyt vihre\u00e4t oliivit ovat klassinen italialainen antipasto, jossa isot, mehev\u00e4t vihre\u00e4t oliivit on t\u00e4ytetty punaisella paprikalla. T\u00e4m\u00e4 yhdistelm\u00e4 tuo yhteen oliivin voimakkaan maun ja paprikan makeuden ja mehevyyden luoden t\u00e4ydellisen tasapainon.<\/p>\n<p>Vihre\u00e4t oliivit korjataan k\u00e4sin ennen kuin ne ovat t\u00e4ysin kypsyneet, mik\u00e4 antaa niille kimmoisan rakenteen ja hieman katkeran, maanl\u00e4heisen maun. Paprikan t\u00e4yte lis\u00e4\u00e4 makeutta ja v\u00e4ri\u00e4. La Favorita s\u00e4il\u00f6\u00f6 oliivit huolellisesti s\u00e4ilytt\u00e4en niiden raikkaan rakenteen ja autenttiset maut.<\/p>\n<p>K\u00e4ytt\u00f6: T\u00e4ydellinen sellaisenaan antipastona, cocktailtilaisuuksissa tai aperitivon aikana. Mainio lis\u00e4 antipastolautaselle muiden s\u00e4il\u00f6ttyjen vihannesten, juustojen ja leikkeleiden kanssa. Hienonna ja lis\u00e4\u00e4 salaatteihin, pizzalle tai focaccialle. Kokeile my\u00f6s pasta-ruokiin tai riisottoon. T\u00e4ytteiden ansiosta ne n\u00e4ytt\u00e4v\u00e4t upealta tarjottuna. Sopii erinomaisesti Martinin tai muiden cocktaileiden koristeeksi.<\/p>\n","protected":false},"excerpt":{"rendered":"<p>Isot vihre\u00e4t oliivit t\u00e4ytettyn\u00e4 punaisella paprikalla. Klassinen italialainen antipasto.<\/p>\n","protected":false},"featured_media":142004,"comment_status":"closed","ping_status":"open","template":"","meta":{"_acf_changed":false},"product_brand":[673],"product_cat":[677,719,676,726],"product_tag":[],"class_list":{"0":"post-142002","1":"product","2":"type-product","3":"status-publish","4":"has-post-thumbnail","6":"product_brand-la-favorita","7":"product_cat-ajankohtaisia","8":"product_cat-oliivit","9":"product_cat-suolaiset","10":"product_cat-uudet-tuotteet","11":"pa_alkuperamaa-italia","13":"first","14":"instock","15":"taxable","16":"shipping-taxable","17":"purchasable","18":"product-type-simple","swatches":"rey-swatches","show_selected":""},"acf":[],"_links":{"self":[{"href":"https:\/\/www.delideli.zoner.dev\/fin\/wp-json\/wp\/v2\/product\/142002","targetHints":{"allow":["GET"]}}],"collection":[{"href":"https:\/\/www.delideli.zoner.dev\/fin\/wp-json\/wp\/v2\/product"}],"about":[{"href":"https:\/\/www.delideli.zoner.dev\/fin\/wp-json\/wp\/v2\/types\/product"}],"replies":[{"embeddable":true,"href":"https:\/\/www.delideli.zoner.dev\/fin\/wp-json\/wp\/v2\/comments?post=142002"}],"version-history":[{"count":0,"href":"https:\/\/www.delideli.zoner.dev\/fin\/wp-json\/wp\/v2\/product\/142002\/revisions"}],"wp:featuredmedia":[{"embeddable":true,"href":"https:\/\/www.delideli.zoner.dev\/fin\/wp-json\/wp\/v2\/media\/142004"}],"wp:attachment":[{"href":"https:\/\/www.delideli.zoner.dev\/fin\/wp-json\/wp\/v2\/media?parent=142002"}],"wp:term":[{"taxonomy":"product_brand","embeddable":true,"href":"https:\/\/www.delideli.zoner.dev\/fin\/wp-json\/wp\/v2\/product_brand?post=142002"},{"taxonomy":"product_cat","embeddable":true,"href":"https:\/\/www.delideli.zoner.dev\/fin\/wp-json\/wp\/v2\/product_cat?post=142002"},{"taxonomy":"product_tag","embeddable":true,"href":"https:\/\/www.delideli.zoner.dev\/fin\/wp-json\/wp\/v2\/product_tag?post=142002"}],"curies":[{"name":"wp","href":"https:\/\/api.w.org\/{rel}","templated":true}]}}