{"id":142009,"date":"2026-03-31T05:45:56","date_gmt":"2026-03-31T05:45:56","guid":{"rendered":"https:\/\/www.delideli.zoner.dev\/tuote\/pamako-monovarietal-extra-virgin-luomu-oliivioljy-500ml\/"},"modified":"2026-05-04T16:18:29","modified_gmt":"2026-05-04T16:18:29","slug":"pamako-monovarietal-extra-virgin-luomu-oliivioljy-500ml","status":"publish","type":"product","link":"https:\/\/www.delideli.zoner.dev\/fin\/tuote\/pamako-monovarietal-extra-virgin-luomu-oliivioljy-500ml\/","title":{"rendered":"Pamako Monovarietal extra virgin luomu oliivi\u00f6ljy 500ml"},"content":{"rendered":"<p>Pamako Monovarietal on 100\u202f% Tsounati-lajikkeesta puristettu extra neitsytoliivi\u00f6ljy, joka on ker\u00e4tty k\u00e4sin Kreetalla Selinon vuoristosta 500\u2013700 metrin korkeudesta. Tsounati on yksi Kreikan vanhimmista lajikkeista, jonka juuret ulottuvat Minoilaiseen sivilisaatioon.<\/p>\n<p>Polyfenolipitoisuus 2\u202f081\u202fmg\/kg tekee t\u00e4st\u00e4 \u00f6ljyst\u00e4 yhden maailman polyfenolipitoisimmista. Pamako on ensimm\u00e4inen oliivi\u00f6ljy, joka on sertifioitu ravintolis\u00e4ksi ja jota l\u00e4\u00e4k\u00e4rit voivat m\u00e4\u00e4r\u00e4t\u00e4 reseptill\u00e4 \u2013 EU-asetuksen 432\/2012 mukainen terveysv\u00e4ite on painettu pulloon.<\/p>\n<p>Maku: raikas ja hedelm\u00e4inen, voimakkaasti pist\u00e4v\u00e4, pehme\u00e4n kirpe\u00e4 j\u00e4lkimaku. Ihanteellinen nautittavaksi sellaisenaan tai viimeistely\u00f6ljyn\u00e4 gourmet-ruoanlaitossa.<\/p>\n<p>Luomusertifioitu FI-EKO-201. Pakattu UV-suojattuun tummaan lasipulloon tammikorkkisella sulkijalla.<\/p>\n","protected":false},"excerpt":{"rendered":"<p>Pamako Monovarietal on 100\u202f% Tsounati-lajikkeesta valmistettu luomuoliivi\u00f6ljy Kreetalta. Maailman korkeimpiin kuuluva polyfenolipitoisuus: 2\u202f081\u202fmg\/kg. EU-sertifioitu terveysv\u00e4ite.<\/p>\n","protected":false},"featured_media":142010,"comment_status":"open","ping_status":"open","template":"","meta":{"_acf_changed":false},"product_brand":[674],"product_cat":[691,678],"product_tag":[],"class_list":{"0":"post-142009","1":"product","2":"type-product","3":"status-publish","4":"has-post-thumbnail","6":"product_brand-pamako","7":"product_cat-oliivioljyt","8":"product_cat-oljyt-etikat","9":"pa_alkuperamaa-kreikka","10":"pa_oliivioljy-keskivahva","11":"pa_ruokavalio-luomu","13":"first","14":"instock","15":"taxable","16":"shipping-taxable","17":"purchasable","18":"product-type-simple","swatches":"rey-swatches","show_selected":""},"acf":[],"_links":{"self":[{"href":"https:\/\/www.delideli.zoner.dev\/fin\/wp-json\/wp\/v2\/product\/142009","targetHints":{"allow":["GET"]}}],"collection":[{"href":"https:\/\/www.delideli.zoner.dev\/fin\/wp-json\/wp\/v2\/product"}],"about":[{"href":"https:\/\/www.delideli.zoner.dev\/fin\/wp-json\/wp\/v2\/types\/product"}],"replies":[{"embeddable":true,"href":"https:\/\/www.delideli.zoner.dev\/fin\/wp-json\/wp\/v2\/comments?post=142009"}],"version-history":[{"count":0,"href":"https:\/\/www.delideli.zoner.dev\/fin\/wp-json\/wp\/v2\/product\/142009\/revisions"}],"wp:featuredmedia":[{"embeddable":true,"href":"https:\/\/www.delideli.zoner.dev\/fin\/wp-json\/wp\/v2\/media\/142010"}],"wp:attachment":[{"href":"https:\/\/www.delideli.zoner.dev\/fin\/wp-json\/wp\/v2\/media?parent=142009"}],"wp:term":[{"taxonomy":"product_brand","embeddable":true,"href":"https:\/\/www.delideli.zoner.dev\/fin\/wp-json\/wp\/v2\/product_brand?post=142009"},{"taxonomy":"product_cat","embeddable":true,"href":"https:\/\/www.delideli.zoner.dev\/fin\/wp-json\/wp\/v2\/product_cat?post=142009"},{"taxonomy":"product_tag","embeddable":true,"href":"https:\/\/www.delideli.zoner.dev\/fin\/wp-json\/wp\/v2\/product_tag?post=142009"}],"curies":[{"name":"wp","href":"https:\/\/api.w.org\/{rel}","templated":true}]}}